/4*t**4 + 12 + 3*t**2. What are the prime factors of v(-9)?
2, 3
Let z = 30 - 25. Suppose -10 = -z*f - 0. Suppose -4*r - 49 - 160 = -5*n, 0 = -f*r + 8. What are the prime factors of n?
3, 5
Suppose 8*g - 8993 = 23279. List the prime factors of g.
2, 2017
Let a be -1 + (-7)/(-5) + (-3843)/45. Let w = 166 + a. What are the prime factors of w?
3
Let u = 247 - -89. What are the prime factors of u?
2, 3, 7
Suppose 0 = -5*l + 2*m + 232, 5*m = -4*l - l + 225. What are the prime factors of l + -2 + 0/(-3)?
2, 11
Let y(g) = -3*g**3 - 4*g**2 + 2*g + 3. Let f be y(-2). Suppose -2*z - 30 = -f*z. Suppose 0 = -2*s + z*s - 212. What are the prime factors of s?
53
Let j = 33 - -1362. What are the prime factors of j?
3, 5, 31
Let m(k) = k + 8. Let f be m(-6). Suppose f*n = -4*z - 12 + 128, -2*z - 104 = -2*n. What are the prime factors of n?
2, 3
Suppose 0 = -q + 4*j - 10, -2*j = -5*q - j + 7. Let f be (-46)/(-8) + q/8. Suppose r + 65 = f*r. List the prime factors of r.
13
Let p be (-3*(5 + -4))/(-1). Suppose 0 = -u + p*z + 16, -2*u + 18 = 2*z - 14. List the prime factors of u.
2
What are the prime factors of (-1)/(-2) - (8 + (-3731)/26)?
2, 17
Let o(r) = -127*r - 7. Let j(l) = -191*l - 11. Let q(i) = -5*j(i) + 8*o(i). List the prime factors of q(-1).
2, 3, 5
Suppose 0 = -0*y + 2*y + 5*t + 15, 4*y + 3*t = -9. Suppose -h = -y*h - 3. Let n = 27 - h. List the prime factors of n.
2, 3
Let b be (4/6)/((-1)/(-9)). Suppose -3*v + 3*x + 204 = 0, -2*x - b = -5*x. Let n = v + -32. List the prime factors of n.
2, 19
Let n(i) = -i + 12. Let b be n(9). List the prime factors of (b/2)/(21/98).
7
Suppose -3*m = -4*h - 7*m + 3508, 5*m + 889 = h. List the prime factors of h.
3, 293
Let o be (-84 + 90)/((-3)/388*-2). Suppose o = 6*i - 1322. List the prime factors of i.
3, 5, 19
Suppose 16*v - 30147 = -23*v. What are the prime factors of v?
773
Suppose -5*r - 10 = -5*f, -4*r + 3*f - 4 = -3*r. Suppose -43 - 42 = -3*x + 4*q, 81 = 3*x - 3*q. Let c = x + r. List the prime factors of c.
2, 11
Let b(q) be the first derivative of q**5/60 - 3*q**4/8 + 11*q**3/6 - 3*q**2/2 + 3. Let t(c) be the second derivative of b(c). List the prime factors of t(10).
3, 7
Let j be 2/(-13) + 1540/(-130). Let h = 17 + j. List the prime factors of (h/15)/(2/36).
2, 3
Let g = -1 + 3. Let j be 2*(-4)/4 - 11. List the prime factors of (j - g)*3/(-5).
3
Let z = -104 - -160. Let o = -47 + z. What are the prime factors of o?
3
List the prime factors of (-292)/(-1022) + (43706/7 - 1).
3, 2081
Let z(s) = 2*s**2 + 3*s + 187. What are the prime factors of z(0)?
11, 17
Suppose -5*z - 5*c = -135, 5*z + c - 95 = 44. Suppose 4*v - 184 = -3*j, -5*j - 97 = -v - z. List the prime factors of v.
7
Suppose 0 = -k - f + 204, 28*f - 30*f = -8. List the prime factors of k.
2, 5
Let g(x) be the second derivative of 1/6*x**3 + 3*x**2 + 0 + 6*x. What are the prime factors of g(10)?
2
Suppose -l - 481 = -6*c + 5*c, -l - 3 = 0. List the prime factors of c.
2, 239
Let b(n) = 4*n**2 + 3*n + 8. Let v(m) = 3*m**2 + 2*m + 9. Let j(u) = -2*b(u) + 3*v(u). What are the prime factors of j(-7)?
2, 3, 5
Let m = -199 - -467. Suppose m + 308 = 3*b. What are the prime factors of b?
2, 3
Let j(f) = -5*f**3 + f**2 + 2*f + 3. List the prime factors of j(-6).
3, 41
Suppose 3*c + 3*r = 1801 - 13, 5*c + r - 2980 = 0. List the prime factors of c.
2, 149
Suppose 2*d = 3*b - 0*b - 40, -d - b - 30 = 0. Let c = d + 49. Suppose -s = 3*o - c, -5 = 5*o - 2*s - 25. What are the prime factors of o?
2, 3
Let j(v) = v**3 + 7*v**2 + 12*v + 17. Let q be j(-9). Let h = -94 - q. What are the prime factors of h?
3, 53
Suppose 0 = 3*x + 8 + 64. Let d = x + 26. Suppose 26 = -d*t + 174. List the prime factors of t.
2, 37
Suppose 2*r = -5*m + 435, 2*m + 3*r = -0*m + 163. Suppose m = f + 33. List the prime factors of f.
2, 7
Let r = 22 + -20. Suppose 2 = 2*s + r*g, 2*s - g - 3 - 5 = 0. What are the prime factors of s?
3
Let w be (80/(-12))/5*-3. Let g = -5 + w. Let m(j) = -28*j**3 - j**2 - j - 1. What are the prime factors of m(g)?
3
Suppose -7*p - 1071 = -8*p - 4*w, 4*w + 2130 = 2*p. List the prime factors of p.
11, 97
Let d(y) = -24*y - 2. Let i(v) = -2*v + 1. Let q(k) = d(k) - 6*i(k). Let m be 1/2 - (-44)/(-8). What are the prime factors of q(m)?
2, 13
Suppose a = 5*x + 2, -5*x = -2*a - 1 - 0. Let q = x + -4. Let f = q + 26. List the prime factors of f.
3, 7
Let f(o) = -103*o + 337. List the prime factors of f(-15).
2, 941
Suppose 2*b - 176 - 250 = 0. List the prime factors of b.
3, 71
Let v(t) = -2*t**3 - 81*t**2 + 96*t - 25. What are the prime factors of v(-42)?
5, 13, 19
Let p = -42 - -48. Suppose 0 = -p*n + 1022 + 328. What are the prime factors of n?
3, 5
Suppose 2*n + 16*n = -3240. Let y = n + 282. List the prime factors of y.
2, 3, 17
Let v = -312 + 438. What are the prime factors of v?
2, 3, 7
Let x(b) = b**3 + 21*b**2 - 12*b - 15. What are the prime factors of x(-11)?
1327
Let b = -1670 - -2962. What are the prime factors of b?
2, 17, 19
Suppose 0*d + 524 = 2*c + 3*d, -5*d = 5*c - 1305. List the prime factors of c.
7, 37
List the prime factors of (-18)/(-171) - 33892/(-38).
2, 223
List the prime factors of 4/(-5 - -9) - (-1620)/2.
811
Let c be -1*(-3 + -7) - -2. Suppose -7*i + 2*i = 3*x - 16, 4*x = -2*i + c. Suppose i*a - r - 68 = -a, -a - 3*r + 16 = 0. List the prime factors of a.
2, 11
Let l(i) be the second derivative of i**4/12 + 2*i**3 + 4*i**2 - 2*i. Let y be l(-11). What are the prime factors of 12/y - (-50 + 1)?
3, 5
Let m(l) = 10*l**3 - 8*l**2 + 11*l + 1. What are the prime factors of m(4)?
557
Let f(t) be the third derivative of t**5/15 + t**4/4 + 2*t**3/3 - 23*t**2. List the prime factors of f(-6).
2, 7
Let b(m) = 34*m**2 + 4. Let a be b(-4). Let l = -320 + a. What are the prime factors of l/9 + (-4)/(-6)?
2, 13
Suppose 4*a = -f + 1233, 0*a - 4*a + 1218 = -2*f. Let s = 111 + -56. Suppose -6*u + a - s = 0. List the prime factors of u.
2, 3, 7
Suppose 7*z + 23 - 107 = 0. Let p = z - -2. Suppose -n = -67 - p. List the prime factors of n.
3
Suppose -5*j - 2*f + 668 = 0, 5*j + 5*f - 1027 = -347. Suppose -17*d + 19*d - j = 0. What are the prime factors of d?
2, 3, 11
Let a = -95 + 662. List the prime factors of a.
3, 7
Let w = -4 + 546. What are the prime factors of w?
2, 271
Let l = 2 - -9. Let v be (2 - (-43)/(-2))*(-48)/72. Suppose -l*w + v*w = 54. What are the prime factors of w?
3
Let s = -21 - -19. Let a be 4/3 - s/(-6). List the prime factors of 18 - (3 + (-4)/a).
19
Let z = 23 + 1. Suppose 0 = -w + 3*r + z, 3*w - r - 44 = r. What are the prime factors of w?
2, 3
Suppose 0*z - 4*z + 920 = 0. Suppose 3*v = s + z, s + 74 = -2*v + 3*v. List the prime factors of v.
2, 3, 13
Let s = 1573 + 1734. What are the prime factors of s?
3307
Let o = 162 + -72. List the prime factors of o.
2, 3, 5
Let y(t) = 11*t**2 - 2*t - 24. List the prime factors of y(-8).
2, 3, 29
Let o(a) = -28*a**2 + 15*a - 50. Let j be o(18). List the prime factors of (-8)/56 + j/(-28).
2, 79
Suppose 3*l - 5*o = 35, -4*l = -4*o - 45 - 7. Suppose 3*t = 6*t - l. Suppose 0 = -2*x - 3*h + 12 + 14, -10 = t*h. What are the prime factors of x?
2
Let p(d) = -d - 6. Suppose -3*w - w + 14 = 2*u, -3*w - 3*u + 9 = 0. Let q(b) = -2*b - 6. Let h(a) = w*q(a) - 3*p(a). What are the prime factors of h(-2)?
2
Let t = -610 - -1172. Let z = -294 + t. Suppose -z = -a - 3*a. List the prime factors of a.
67
Suppose -20298 = -17*j - 1938. List the prime factors of j.
2, 3, 5
Let j be 12/2 + 8/4. Suppose g + j = 10. Suppose -z + 48 = 4*t, -t - 4*z + g = 5. List the prime factors of t.
13
Let v = -32 - -35. Suppose -3*y - b = -236, 0 = -5*y + v*b - 0*b + 412. What are the prime factors of y?
2, 5
Suppose -10*i - 2*m = -5*i - 156, -2*i + 72 = 4*m. What are the prime factors of i?
2, 3, 5
Suppose 1720 = 9*r - 6695. Suppose 0 = j + c - 177, 2*c = -5*j + 7*c + r. What are the prime factors of j?
2, 7, 13
List the prime factors of ((-187)/55)/((-2)/730).
17, 73
Let w = -3 - -6. Suppose -4 = -w*c + 5. List the prime factors of 6/c + (-1 - -22).
23
Let m(p) = 94*p**2 - 3*p + 2. Let b = -41 - -42. What are the prime factors of m(b)?
3, 31
Let b = -3907 - -7970. List the prime factors of b.
17, 239
Let j(o) = -41*o**2 + 42*o**2 + 34 - o - 6*o. List the prime factors of j(14).
2, 3, 11
Let s(d) = -2*d**3 - 6*d**2 - 3*d - 